(-45) - 4/g)?
7
Let n(r) = 10*r - 1 - 12*r + 9 - 3 + 15*r**2. Let u = -1 + -2. What are the prime factors of n(u)?
2, 73
Let z(s) = s**3 + 5*s**2 - 2*s - 2. Let i be z(-5). Let m(k) = -25*k - 1. Let x(n) = -76*n - 4. Let g(q) = i*m(q) - 3*x(q). List the prime factors of g(3).
2, 11
Let d = -14160 - -39218. What are the prime factors of d?
2, 11, 17, 67
Let k = 20191 + -6747. List the prime factors of k.
2, 3361
Suppose 544 = -2*k - 4*u, 504 = -2*k - 3*u - 40. Let b = -183 - k. List the prime factors of b.
89
Let l = -19 + 31. Suppose -l*k + 32 = -16. What are the prime factors of k/30 - 6083/(-165)?
37
Let w = 321 + -7. Suppose 4*d - z - 1107 = -w, 0 = d - 5*z - 203. What are the prime factors of d?
2, 3, 11
Let z be (-3*(-2)/12)/((-2)/(-20)). Suppose -z*j = -o - 8*j + 731, -4*j - 20 = 0. List the prime factors of o.
2, 373
Suppose 0 = -4*l - 16, 5*i - 81487 = 961*l - 958*l. List the prime factors of i.
5, 3259
Let a(u) = 40*u + 29. Let f = 78 + -71. What are the prime factors of a(f)?
3, 103
Suppose 4*q - g - 57581 = 2*q, q - 28815 = 4*g. What are the prime factors of q?
11, 2617
Let f be (0 + -40)/(1 + 6/(-18)). Let j = -50 - f. Suppose 0 = -j*u - 4*u + 2100. List the prime factors of u.
2, 3, 5
Let t = -35263 - -124490. List the prime factors of t.
89227
Let z(s) = -2089*s - 490. List the prime factors of z(-5).
5, 11, 181
Suppose 5*a - 9 = 31. Suppose 3*p + 16 = 4*k, 3*p + a = p + 2*k. Suppose p = -6*h + 171 + 63. What are the prime factors of h?
3, 13
Let a(d) = -1765*d + 598. What are the prime factors of a(-11)?
3, 7, 953
What are the prime factors of (-6)/(-2)*(6 - 100797/(-9) - 0)?
33617
Let k(d) = 11*d - 9. Let l be k(1). Suppose -3*x = -p - p + 509, -l*p = 2*x - 504. List the prime factors of p.
11, 23
Let v = -15682 + 60696. List the prime factors of v.
2, 71, 317
Suppose -4 = -313*g + 311*g. Suppose 5*t - 197 = -2*h, g*h + 0*h = 4*t - 172. What are the prime factors of t?
41
Suppose 15*k = 8*k + 35. Let z(n) = -2*n + 19. Let q be z(0). Let w = k + q. What are the prime factors of w?
2, 3
Let j(q) = -2177*q + 293. What are the prime factors of j(-15)?
2, 8237
Let j = -364 - -751. Let k = j - 381. What are the prime factors of k?
2, 3
Suppose -5*k = -50*g + 55*g + 1040, -5*k - 224 = g. Let r = 644 + g. What are the prime factors of r?
2, 5, 11
Let g(x) = -1275*x + 35. Let k be g(-7). Suppose -3*u = 13*u - k. List the prime factors of u.
2, 5, 7
Let s be 8/6*(-5 + 2). Let l(y) = 36*y + 1079. Let r be l(-30). List the prime factors of (-3)/r*(s - 1246/(-21)).
2, 83
Let m(j) = 16*j - 75. Let k be m(0). List the prime factors of 0 - 3/5 - 33645/k.
2, 7
Let y(j) = -7*j**3 + 12*j**2 - 12*j + 30. Let g(v) = 13*v**3 - 25*v**2 + 24*v - 61. Let h(z) = 6*g(z) + 11*y(z). What are the prime factors of h(18)?
2, 3, 5
Suppose 0 = 210*q - 293244 - 556568 - 1168708. What are the prime factors of q?
2, 3, 89
Let p(o) = 65*o**2 - 48*o + 435. List the prime factors of p(12).
3, 7, 439
Let h = -131 - -40. What are the prime factors of 14/h - 13418/(-13)?
2, 3, 43
Let a(p) be the second derivative of 7/6*p**3 - 7*p - 1/20*p**5 - 9/2*p**2 + 2/3*p**4 + 0. What are the prime factors of a(8)?
47
Let v(z) = 8618*z**2 + 148*z - 148. List the prime factors of v(1).
2, 31, 139
Let t = 4880 - -3102. Suppose 6*a - 2386 = t. List the prime factors of a.
2, 3
Let b(v) = 2*v**2 + 6*v + 4. Let h(u) = 4*u**2 + 5*u + 5. Let r(f) = -3*b(f) + 2*h(f). List the prime factors of r(-12).
2, 191
Let n(g) = -15384 - 142*g + 15392 - 153*g. What are the prime factors of n(-3)?
19, 47
Let f = -29 + 31. Let i be (-77)/(-33) - 4/(-6). Suppose -4*n - 8 = 0, 176 = f*h + n + i*n. What are the prime factors of h?
2, 23
Let x = -21579 - -36681. What are the prime factors of x?
2, 3, 839
Let r be -3*7/(-21)*349. Let c = 1496 - r. List the prime factors of c.
31, 37
Let m(q) = 2*q - 23. Let c be m(12). Let i be c - (1 - (7 + -2)). Suppose 4*z + 0*v = -5*v + 12, 5*v - 20 = -i*z. List the prime factors of z.
2
Let q(n) = 4*n - 50. Let k be q(16). Suppose -24*o + 6480 = -k*o. What are the prime factors of o?
2, 3
Let b = 253 + -250. Suppose -810 = -0*u - b*u. What are the prime factors of u?
2, 3, 5
Suppose 120 = 4*y + 8*y. Let i = -6 + y. Suppose 0 = f + 4*h - 5, i*f - 26 - 28 = h. List the prime factors of f.
13
Let n(g) = -91*g - 15. Let x(v) = 274*v + 48. Let p(y) = 7*n(y) + 2*x(y). What are the prime factors of p(-3)?
2, 3, 43
Let m = 37 + -26. Suppose 5*j + 16 = -a, 5*j + 0*j + 12 = -2*a. Suppose -a*v - m*v + 930 = 0. What are the prime factors of v?
2, 31
Let d(a) = -a**3 - 7*a**2 - 8*a - 7. Let c be d(-6). Let t(n) = -13*n - 27*n**2 + 1 - n**3 - c*n + 42*n**2. List the prime factors of t(12).
7, 31
Let x(p) = 4*p**3 - 2*p**2 - 2*p - 7. Let b be x(-3). Let a = b - -273. Suppose 0 = 4*f - 2*j - 396, 349 = 5*f - j - a. What are the prime factors of f?
3, 11
Let q = 2652 + -1250. Suppose 5*p = q - 332. What are the prime factors of p?
2, 107
Let u be ((-8)/(-7))/(6/21). Suppose s - u*s = 45. Let m(n) = -n + 7. List the prime factors of m(s).
2, 11
Let n(w) = 42*w**2 - 150*w + 600. Let s(t) = 6*t**2 - 21*t + 86. Let u(i) = -5*n(i) + 36*s(i). List the prime factors of u(7).
2, 3, 29
Suppose -3*d = -9*d - 32224 + 176350. What are the prime factors of d?
3, 17, 157
Suppose -2*z + 2458 = 3*y - 8675, -2*z - 2*y = -11130. List the prime factors of z.
2, 3, 103
Suppose 29*k - 30*k = t - 1167, 2*k + 3486 = 3*t. Let j = t + -320. What are the prime factors of j?
2, 211
Suppose -3*z - 3*h + 11 = -25, 5*z - 3*h = 60. Suppose 4*u + 2*r - 858 = 0, z*r - 15*r = -2*u + 441. What are the prime factors of u?
2, 3
Let r be -23 - (-5 - -2) - (-17 - -13). Let y(c) = 2*c**2 - 15*c - 26. What are the prime factors of y(r)?
2, 3, 11
Suppose -6*z + 3*z + 4*i - 188 = 0, 4*i - 308 = 5*z. Let j = 99 + z. Let k = j - -100. List the prime factors of k.
139
Let g = -29 + 21. Let s(x) = 2*x**2 - x**2 - 215 - 7*x + 238 - 2*x**2. What are the prime factors of s(g)?
3, 5
Suppose -38990 - 7278 = -12*u + 79420. What are the prime factors of u?
2, 5237
Suppose 28*n - 32*n = 3*o - 65585, 0 = -3*o + 2*n + 65555. List the prime factors of o.
3, 5, 31, 47
Let k be (-444)/(6*(-3)/60). Suppose 13*n - 9*n = k. List the prime factors of n.
2, 5, 37
Let m = 11675 + -3432. What are the prime factors of m?
8243
Let x(s) = 17*s**2 - 3*s + 6. Suppose -3 = -19*z + 18*z. Let i be x(z). Let d = i - 78. List the prime factors of d.
2, 3
Let n = 26 + -98. List the prime factors of ((-60)/14)/(n/20832).
2, 5, 31
Suppose 12*s + 6*s = -24048. Let x = 2221 + s. What are the prime factors of x?
3, 5, 59
Let g(p) = 914*p - 714. What are the prime factors of g(6)?
2, 3, 5, 53
Suppose 4*m - 2*t - 36 = 0, 13*m = 14*m - 5*t - 18. Suppose -4*h - 8 = 0, -3*h + m*h - 858 = -4*r. List the prime factors of r.
7, 31
Let n = -723 + 1206. Let y = -185 + n. What are the prime factors of y?
2, 149
Let x be (2 + 16)*6/9. Let q(i) = -2*i + 29. Let g be q(x). Suppose 81 = n + g*r, n + 0*n - 78 = -2*r. What are the prime factors of n?
2, 19
Suppose 22*z + 0*z + 16940 = 0. Let h = z - -1201. List the prime factors of h.
431
Suppose -2*a = 7 - 23. Suppose 2*d + a - 30 = 0. What are the prime factors of d?
11
Let s be -3*(-14)/9*-3. What are the prime factors of (-7473)/(-21) + (-2)/s?
2, 89
Suppose 15*x = -2355 + 81585. Suppose 0 = 12*f - x - 586. What are the prime factors of f?
3, 163
Suppose -5*p = 4*x + 130, 11*p - 6*p + 2*x = -130. Let c = -14 - p. Suppose -18*q = -c*q - 1380. What are the prime factors of q?
2, 5, 23
Suppose -5*o + 7 = -23. Let y(l) = -l**3 + 7*l**2 + 6*l - 4. Let g be y(o). Suppose n - g - 23 = 0. List the prime factors of n.
7, 13
Suppose -36*q - 84240 = -23*q - 25*q. What are the prime factors of q?
2, 3, 5, 13
List the prime factors of -9 + 2 + 6 + (0 - -1007).
2, 503
Suppose 3*m - 74716 = -2*f, 2*m = -27 + 15. List the prime factors of f.
11, 43, 79
Suppose 4*x + 2*n - 24510 = 0, 5*x = -4*n + 2*n + 30640. List the prime factors of x.
2, 5, 613
Let r = -2183 - -4723. What are the prime factors of r?
2, 5, 127
Let y(p) = -3*p + 42. Let l be y(14). Let k be ((l - -3) + 539*1)/2. Suppose 2*o - 3*z = -z + 136, -3*z = -4*o + k. List the prime factors of o.
67
Suppose -96 = -12*x + 48. Let z be 262*((-13)/(-2) - 4). Suppose -7*k + x*k = z. Lis